{"id":609,"date":"2021-04-21T19:06:29","date_gmt":"2021-04-21T16:06:29","guid":{"rendered":"http:\/\/dolsar.com.tr\/eng\/?page_id=609"},"modified":"2021-08-18T15:56:12","modified_gmt":"2021-08-18T12:56:12","slug":"projects-water","status":"publish","type":"page","link":"https:\/\/dolsar.com.tr\/eng\/projects-water\/","title":{"rendered":"Water"},"content":{"rendered":"<section class=\"wpb-content-wrapper\"><p>[vc_row][vc_column][vc_empty_space height=&#8221;10px&#8221;]<div class=\"porto-u-heading  wpb_custom_95aa9a11c17ad45cfabaf210d84ee7cc porto-u-5349\" data-appear-animation=\"fadeInUp\" data-appear-animation-delay=\"100\"><div class=\"porto-u-main-heading\"><h2   style=\"font-weight:700;color:#4c4c4c;margin-bottom: 30px;font-size:32px;line-height:20px;\">Water<\/h2><\/div><style>.porto-u-5349.porto-u-heading{text-align:center}<\/style><\/div>[vc_empty_space height=&#8221;10px&#8221;][\/vc_column][\/vc_row][vc_row parallax=&#8221;content-moving&#8221;][vc_column width=&#8221;1\/4&#8243;]<div class=\"porto-ultimate-content-box-container \"><style>#porto_ucb_9591{will-change: box-shadow;box-shadow: none;}#porto_ucb_9591:hover{box-shadow:none}<\/style><div class=\"porto-ultimate-content-box has-content-pos justify-content-end\" style=\"background-image:url(&#039;https:\/\/dolsar.com.tr\/eng\/wp-content\/uploads\/2021\/04\/su-1.jpg&#039;);background-size: cover;background-repeat: no-repeat;background-position: center center;background-color: rgba(0, 0, 0, 0);\" id=\"porto_ucb_9591\">[vc_empty_space height=&#8221;200px&#8221;]<\/div><\/div><div class=\"porto-u-heading  wpb_custom_95aa9a11c17ad45cfabaf210d84ee7cc porto-u-2598\"><div class=\"porto-u-sub-heading\" style=\"\">\n<p style=\"text-align: center;\">Diamer Basha Dam and HEPP<\/p>\n<p><\/div><style>.porto-u-2598.porto-u-heading{text-align:left}<\/style><\/div>[\/vc_column][vc_column width=&#8221;1\/4&#8243;]<div class=\"porto-ultimate-content-box-container \"><style>#porto_ucb_4862{will-change: box-shadow;box-shadow: none;}#porto_ucb_4862:hover{box-shadow:none}<\/style><div class=\"porto-ultimate-content-box has-content-pos justify-content-end\" style=\"background-image:url(&#039;https:\/\/dolsar.com.tr\/eng\/wp-content\/uploads\/2021\/04\/su-2.jpg&#039;);background-size: cover;background-repeat: no-repeat;background-position: center center;background-color: rgba(0, 0, 0, 0);\" id=\"porto_ucb_4862\">[vc_empty_space height=&#8221;200px&#8221;]<\/div><\/div><div class=\"porto-u-heading  wpb_custom_95aa9a11c17ad45cfabaf210d84ee7cc porto-u-2091\"><div class=\"porto-u-sub-heading\" style=\"\">\n<p style=\"text-align: center;\">Sustainable Cities, Preparation of Integrated Urban Water Management Plan<\/p>\n<p><\/div><style>.porto-u-2091.porto-u-heading{text-align:left}<\/style><\/div>[\/vc_column][vc_column width=&#8221;1\/4&#8243;]<div class=\"porto-ultimate-content-box-container \"><style>#porto_ucb_1719{will-change: box-shadow;box-shadow: none;}#porto_ucb_1719:hover{box-shadow:none}<\/style><div class=\"porto-ultimate-content-box has-content-pos justify-content-end\" style=\"background-image:url(&#039;https:\/\/dolsar.com.tr\/eng\/wp-content\/uploads\/2021\/04\/su3.jpg&#039;);background-size: cover;background-repeat: no-repeat;background-position: center center;background-color: rgba(0, 0, 0, 0);\" id=\"porto_ucb_1719\">[vc_empty_space height=&#8221;200px&#8221;]<\/div><\/div><div class=\"porto-u-heading  wpb_custom_95aa9a11c17ad45cfabaf210d84ee7cc porto-u-2096\"><div class=\"porto-u-sub-heading\" style=\"\">\n<p style=\"text-align: center;\">Mohmand Dam and HEPP<\/p>\n<p><\/div><style>.porto-u-2096.porto-u-heading{text-align:left}<\/style><\/div>[\/vc_column][vc_column width=&#8221;1\/4&#8243;]<div class=\"porto-ultimate-content-box-container \"><style>#porto_ucb_9827{will-change: box-shadow;box-shadow: none;}#porto_ucb_9827:hover{box-shadow:none}<\/style><div class=\"porto-ultimate-content-box has-content-pos justify-content-end\" style=\"background-image:url(&#039;https:\/\/dolsar.com.tr\/eng\/wp-content\/uploads\/2021\/04\/su-4.jpg&#039;);background-size: cover;background-repeat: no-repeat;background-position: center center;background-color: rgba(0, 0, 0, 0);\" id=\"porto_ucb_9827\">[vc_empty_space height=&#8221;200px&#8221;]<\/div><\/div><div class=\"porto-u-heading  wpb_custom_95aa9a11c17ad45cfabaf210d84ee7cc porto-u-6564\"><div class=\"porto-u-sub-heading\" style=\"\">\n<p style=\"text-align: center;\">Istanbul Water and Sewerage Master Plan<\/p>\n<p><\/div><style>.porto-u-6564.porto-u-heading{text-align:left}<\/style><\/div>[\/vc_column][\/vc_row][vc_row parallax=&#8221;content-moving&#8221;][vc_column width=&#8221;1\/4&#8243;]<div class=\"porto-ultimate-content-box-container \"><style>#porto_ucb_1039{will-change: box-shadow;box-shadow: none;}#porto_ucb_1039:hover{box-shadow:none}<\/style><div class=\"porto-ultimate-content-box has-content-pos justify-content-end\" style=\"background-image:url(&#039;https:\/\/dolsar.com.tr\/eng\/wp-content\/uploads\/2021\/04\/su-5.jpg&#039;);background-size: cover;background-repeat: no-repeat;background-position: center center;background-color: rgba(0, 0, 0, 0);\" id=\"porto_ucb_1039\">[vc_empty_space height=&#8221;200px&#8221;]<\/div><\/div><div class=\"porto-u-heading  wpb_custom_95aa9a11c17ad45cfabaf210d84ee7cc porto-u-2997\"><div class=\"porto-u-sub-heading\" style=\"\">\n<p style=\"text-align: center;\">Dasu Dam and HEPP<\/p>\n<p><\/div><style>.porto-u-2997.porto-u-heading{text-align:left}<\/style><\/div>[\/vc_column][vc_column width=&#8221;1\/4&#8243;]<div class=\"porto-ultimate-content-box-container \"><style>#porto_ucb_2258{will-change: box-shadow;box-shadow: none;}#porto_ucb_2258:hover{box-shadow:none}<\/style><div class=\"porto-ultimate-content-box has-content-pos justify-content-end\" style=\"background-image:url(&#039;https:\/\/dolsar.com.tr\/eng\/wp-content\/uploads\/2021\/04\/su-6.jpg&#039;);background-size: cover;background-repeat: no-repeat;background-position: center center;background-color: rgba(0, 0, 0, 0);\" id=\"porto_ucb_2258\">[vc_empty_space height=&#8221;200px&#8221;]<\/div><\/div><div class=\"porto-u-heading  wpb_custom_95aa9a11c17ad45cfabaf210d84ee7cc porto-u-1133\"><div class=\"porto-u-sub-heading\" style=\"\">\n<p style=\"text-align: center;\">Il\u0131su Dam and HEPP<\/p>\n<p><\/div><style>.porto-u-1133.porto-u-heading{text-align:left}<\/style><\/div>[\/vc_column][vc_column width=&#8221;1\/4&#8243;]<div class=\"porto-ultimate-content-box-container \"><style>#porto_ucb_6112{will-change: box-shadow;box-shadow: none;}#porto_ucb_6112:hover{box-shadow:none}<\/style><div class=\"porto-ultimate-content-box has-content-pos justify-content-end\" style=\"background-image:url(&#039;https:\/\/dolsar.com.tr\/eng\/wp-content\/uploads\/2021\/04\/su-7.jpg&#039;);background-size: cover;background-repeat: no-repeat;background-position: center center;background-color: rgba(0, 0, 0, 0);\" id=\"porto_ucb_6112\">[vc_empty_space height=&#8221;200px&#8221;]<\/div><\/div><div class=\"porto-u-heading  wpb_custom_95aa9a11c17ad45cfabaf210d84ee7cc porto-u-1657\"><div class=\"porto-u-sub-heading\" style=\"\">\n<p style=\"text-align: center;\">K\u0131z\u0131l\u0131rmak Basin Master Plan<\/p>\n<p><\/div><style>.porto-u-1657.porto-u-heading{text-align:left}<\/style><\/div>[\/vc_column][vc_column width=&#8221;1\/4&#8243;]<div class=\"porto-ultimate-content-box-container \"><style>#porto_ucb_5487{will-change: box-shadow;box-shadow: none;}#porto_ucb_5487:hover{box-shadow:none}<\/style><div class=\"porto-ultimate-content-box has-content-pos justify-content-end\" style=\"background-image:url(&#039;https:\/\/dolsar.com.tr\/eng\/wp-content\/uploads\/2021\/04\/su-8.jpg&#039;);background-size: cover;background-repeat: no-repeat;background-position: center center;background-color: rgba(0, 0, 0, 0);\" id=\"porto_ucb_5487\">[vc_empty_space height=&#8221;200px&#8221;]<\/div><\/div><div class=\"porto-u-heading  wpb_custom_95aa9a11c17ad45cfabaf210d84ee7cc porto-u-3687\"><div class=\"porto-u-sub-heading\" style=\"\">\n<p style=\"text-align: center;\">Potable Water Supply to Gaziantep Province from G\u00f6ksu Basin<\/p>\n<p><\/div><style>.porto-u-3687.porto-u-heading{text-align:left}<\/style><\/div>[\/vc_column][\/vc_row][vc_row parallax=&#8221;content-moving&#8221;][vc_column width=&#8221;1\/4&#8243;]<div class=\"porto-ultimate-content-box-container \"><style>#porto_ucb_5981{will-change: box-shadow;box-shadow: none;}#porto_ucb_5981:hover{box-shadow:none}<\/style><div class=\"porto-ultimate-content-box has-content-pos justify-content-end\" style=\"background-image:url(&#039;https:\/\/dolsar.com.tr\/eng\/wp-content\/uploads\/2021\/04\/su-9.jpg&#039;);background-size: cover;background-repeat: no-repeat;background-position: center center;background-color: rgba(0, 0, 0, 0);\" id=\"porto_ucb_5981\">[vc_empty_space height=&#8221;200px&#8221;]<\/div><\/div><div class=\"porto-u-heading  wpb_custom_95aa9a11c17ad45cfabaf210d84ee7cc porto-u-7045\"><div class=\"porto-u-sub-heading\" style=\"\">\n<p style=\"text-align: center;\">Deriner Dam and HEPP<\/p>\n<p><\/div><style>.porto-u-7045.porto-u-heading{text-align:left}<\/style><\/div>[\/vc_column][vc_column width=&#8221;1\/4&#8243;]<div class=\"porto-ultimate-content-box-container \"><style>#porto_ucb_5879{will-change: box-shadow;box-shadow: none;}#porto_ucb_5879:hover{box-shadow:none}<\/style><div class=\"porto-ultimate-content-box has-content-pos justify-content-end\" style=\"background-image:url(&#039;https:\/\/dolsar.com.tr\/eng\/wp-content\/uploads\/2021\/04\/su-10.jpg&#039;);background-size: cover;background-repeat: no-repeat;background-position: center center;background-color: rgba(0, 0, 0, 0);\" id=\"porto_ucb_5879\">[vc_empty_space height=&#8221;200px&#8221;]<\/div><\/div><div class=\"porto-u-heading  wpb_custom_95aa9a11c17ad45cfabaf210d84ee7cc porto-u-3259\"><div class=\"porto-u-sub-heading\" style=\"\">\n<p style=\"text-align: center;\">Water Supply and Sewerage Projects for 10 Provinces in Azerbaijan<\/p>\n<p><\/div><style>.porto-u-3259.porto-u-heading{text-align:left}<\/style><\/div>[\/vc_column][vc_column width=&#8221;1\/4&#8243;]<div class=\"porto-ultimate-content-box-container \"><style>#porto_ucb_1079{will-change: box-shadow;box-shadow: none;}#porto_ucb_1079:hover{box-shadow:none}<\/style><div class=\"porto-ultimate-content-box has-content-pos justify-content-end\" style=\"background-image:url(&#039;https:\/\/dolsar.com.tr\/eng\/wp-content\/uploads\/2021\/04\/su-11.jpg&#039;);background-size: cover;background-repeat: no-repeat;background-position: center center;background-color: rgba(0, 0, 0, 0);\" id=\"porto_ucb_1079\">[vc_empty_space height=&#8221;200px&#8221;]<\/div><\/div><div class=\"porto-u-heading  wpb_custom_95aa9a11c17ad45cfabaf210d84ee7cc porto-u-4576\"><div class=\"porto-u-sub-heading\" style=\"\">\n<p style=\"text-align: center;\">Cyprus Water Supply Project<\/p>\n<p><\/div><style>.porto-u-4576.porto-u-heading{text-align:left}<\/style><\/div>[\/vc_column][vc_column width=&#8221;1\/4&#8243;]<div class=\"porto-ultimate-content-box-container \"><style>#porto_ucb_7354{will-change: box-shadow;box-shadow: none;}#porto_ucb_7354:hover{box-shadow:none}<\/style><div class=\"porto-ultimate-content-box has-content-pos justify-content-end\" style=\"background-image:url(&#039;https:\/\/dolsar.com.tr\/eng\/wp-content\/uploads\/2021\/04\/su-12.jpg&#039;);background-size: cover;background-repeat: no-repeat;background-position: center center;background-color: rgba(0, 0, 0, 0);\" id=\"porto_ucb_7354\">[vc_empty_space height=&#8221;200px&#8221;]<\/div><\/div><div class=\"porto-u-heading  wpb_custom_95aa9a11c17ad45cfabaf210d84ee7cc porto-u-5962\"><div class=\"porto-u-sub-heading\" style=\"\">\n<p style=\"text-align: center;\">Yusufeli Dam and HEPP<\/p>\n<p><\/div><style>.porto-u-5962.porto-u-heading{text-align:left}<\/style><\/div>[\/vc_column][\/vc_row][vc_row parallax=&#8221;content-moving&#8221;][vc_column width=&#8221;1\/4&#8243;]<div class=\"porto-ultimate-content-box-container \"><style>#porto_ucb_3889{will-change: box-shadow;box-shadow: none;}#porto_ucb_3889:hover{box-shadow:none}<\/style><div class=\"porto-ultimate-content-box has-content-pos justify-content-end\" style=\"background-image:url(&#039;https:\/\/dolsar.com.tr\/eng\/wp-content\/uploads\/2021\/04\/su-13.jpg&#039;);background-size: cover;background-repeat: no-repeat;background-position: center center;background-color: rgba(0, 0, 0, 0);\" id=\"porto_ucb_3889\">[vc_empty_space height=&#8221;200px&#8221;]<\/div><\/div><div class=\"porto-u-heading  wpb_custom_95aa9a11c17ad45cfabaf210d84ee7cc porto-u-8843\"><div class=\"porto-u-sub-heading\" style=\"\">\n<p style=\"text-align: center;\">Atat\u00fcrk Dam and HEPP<\/p>\n<p><\/div><style>.porto-u-8843.porto-u-heading{text-align:left}<\/style><\/div>[\/vc_column][vc_column width=&#8221;1\/4&#8243;]<div class=\"porto-ultimate-content-box-container \"><style>#porto_ucb_6573{will-change: box-shadow;box-shadow: none;}#porto_ucb_6573:hover{box-shadow:none}<\/style><div class=\"porto-ultimate-content-box has-content-pos justify-content-end\" style=\"background-image:url(&#039;https:\/\/dolsar.com.tr\/eng\/wp-content\/uploads\/2021\/04\/su-14.jpg&#039;);background-size: cover;background-repeat: no-repeat;background-position: center center;background-color: rgba(0, 0, 0, 0);\" id=\"porto_ucb_6573\">[vc_empty_space height=&#8221;200px&#8221;]<\/div><\/div><div class=\"porto-u-heading  wpb_custom_95aa9a11c17ad45cfabaf210d84ee7cc porto-u-9176\"><div class=\"porto-u-sub-heading\" style=\"\">\n<p style=\"text-align: center;\">\u015eanl\u0131urfa Tunnels<\/p>\n<p><\/div><style>.porto-u-9176.porto-u-heading{text-align:left}<\/style><\/div>[\/vc_column][vc_column width=&#8221;1\/4&#8243;]<div class=\"porto-ultimate-content-box-container \"><style>#porto_ucb_8122{will-change: box-shadow;box-shadow: none;}#porto_ucb_8122:hover{box-shadow:none}<\/style><div class=\"porto-ultimate-content-box has-content-pos justify-content-end\" style=\"background-image:url(&#039;https:\/\/dolsar.com.tr\/eng\/wp-content\/uploads\/2021\/04\/su-15.jpg&#039;);background-size: cover;background-repeat: no-repeat;background-position: center center;background-color: rgba(0, 0, 0, 0);\" id=\"porto_ucb_8122\">[vc_empty_space height=&#8221;200px&#8221;]<\/div><\/div><div class=\"porto-u-heading  wpb_custom_95aa9a11c17ad45cfabaf210d84ee7cc porto-u-9202\"><div class=\"porto-u-sub-heading\" style=\"\">\n<p style=\"text-align: center;\">Operation, Maintanance and Management of GAP Irrigation Systems<\/p>\n<p><\/div><style>.porto-u-9202.porto-u-heading{text-align:left}<\/style><\/div>[\/vc_column][vc_column width=&#8221;1\/4&#8243;]<div class=\"porto-ultimate-content-box-container \"><style>#porto_ucb_9096{will-change: box-shadow;box-shadow: none;}#porto_ucb_9096:hover{box-shadow:none}<\/style><div class=\"porto-ultimate-content-box has-content-pos justify-content-end\" style=\"background-image:url(&#039;https:\/\/dolsar.com.tr\/eng\/wp-content\/uploads\/2021\/04\/su-16.jpg&#039;);background-size: cover;background-repeat: no-repeat;background-position: center center;background-color: rgba(0, 0, 0, 0);\" id=\"porto_ucb_9096\">[vc_empty_space height=&#8221;200px&#8221;]<\/div><\/div><div class=\"porto-u-heading  wpb_custom_95aa9a11c17ad45cfabaf210d84ee7cc porto-u-2919\"><div class=\"porto-u-sub-heading\" style=\"\">\n<p style=\"text-align: center;\">Karakaya Dam and HEPP<\/p>\n<p><\/div><style>.porto-u-2919.porto-u-heading{text-align:left}<\/style><\/div>[\/vc_column][\/vc_row]<\/p>\n<\/section>","protected":false},"excerpt":{"rendered":"<p>[vc_row][vc_column][vc_empty_space height=&#8221;10px&#8221;][vc_empty_space height=&#8221;10px&#8221;][\/vc_column][\/vc_row][vc_row parallax=&#8221;content-moving&#8221;][vc_column width=&#8221;1\/4&#8243;][\/vc_column][vc_column width=&#8221;1\/4&#8243;][\/vc_column][vc_column width=&#8221;1\/4&#8243;][\/vc_column][vc_column width=&#8221;1\/4&#8243;][\/vc_column][\/vc_row][vc_row parallax=&#8221;content-moving&#8221;][vc_column width=&#8221;1\/4&#8243;][\/vc_column][vc_column width=&#8221;1\/4&#8243;][\/vc_column][vc_column width=&#8221;1\/4&#8243;][\/vc_column][vc_column width=&#8221;1\/4&#8243;][\/vc_column][\/vc_row][vc_row parallax=&#8221;content-moving&#8221;][vc_column width=&#8221;1\/4&#8243;][\/vc_column][vc_column width=&#8221;1\/4&#8243;][\/vc_column][vc_column width=&#8221;1\/4&#8243;][\/vc_column][vc_column width=&#8221;1\/4&#8243;][\/vc_column][\/vc_row][vc_row parallax=&#8221;content-moving&#8221;][vc_column width=&#8221;1\/4&#8243;][\/vc_column][vc_column width=&#8221;1\/4&#8243;][\/vc_column][vc_column width=&#8221;1\/4&#8243;][\/vc_column][vc_column width=&#8221;1\/4&#8243;][\/vc_column][\/vc_row]<\/p>\n","protected":false},"author":1,"featured_media":0,"parent":0,"menu_order":0,"comment_status":"closed","ping_status":"closed","template":"","meta":{"footnotes":""},"class_list":["post-609","page","type-page","status-publish","hentry"],"_links":{"self":[{"href":"https:\/\/dolsar.com.tr\/eng\/wp-json\/wp\/v2\/pages\/609","targetHints":{"allow":["GET"]}}],"collection":[{"href":"https:\/\/dolsar.com.tr\/eng\/wp-json\/wp\/v2\/pages"}],"about":[{"href":"https:\/\/dolsar.com.tr\/eng\/wp-json\/wp\/v2\/types\/page"}],"author":[{"embeddable":true,"href":"https:\/\/dolsar.com.tr\/eng\/wp-json\/wp\/v2\/users\/1"}],"replies":[{"embeddable":true,"href":"https:\/\/dolsar.com.tr\/eng\/wp-json\/wp\/v2\/comments?post=609"}],"version-history":[{"count":0,"href":"https:\/\/dolsar.com.tr\/eng\/wp-json\/wp\/v2\/pages\/609\/revisions"}],"wp:attachment":[{"href":"https:\/\/dolsar.com.tr\/eng\/wp-json\/wp\/v2\/media?parent=609"}],"curies":[{"name":"wp","href":"https:\/\/api.w.org\/{rel}","templated":true}]}}